 be y(12). Let m be (8/(-3))/(w/45). What are the prime factors of -3 + 3 + (-8)/m - -104?
2, 53
Suppose -64234 = -4*d - 0*d + 3*p, -d = 4*p - 16087. List the prime factors of d.
16063
Let a be 7*2*(-267)/(-6). Suppose -a = -2*w + 511. Suppose -135 + w = 4*n. List the prime factors of n.
2, 3
Suppose -4*g + 35*w = 30*w - 60782, -w - 75988 = -5*g. What are the prime factors of g?
2, 3, 17, 149
Suppose 0 = 56*g + 971 + 37. Let t(d) be the third derivative of -d**4/4 - 17*d**3/6 + 2*d**2. List the prime factors of t(g).
7, 13
Let t(l) = -6*l**2 - 12*l - 11. Let b(q) = -q**2 - q - 1. Let v(f) = 4*b(f) - t(f). Let h be v(10). Suppose h = 7*x + 98. What are the prime factors of x?
3
Let a(w) = -6*w**3 - 3*w**2 - 18*w - 17. Let v be a(-11). Suppose -v = -6*s - 454. What are the prime factors of s?
5, 7
Suppose 7*a - 40300 + 14750 = 0. Let l = a - 2437. List the prime factors of l.
1213
Let p = -58 + 444. Suppose p = 64*j - 63*j. What are the prime factors of j?
2, 193
Let t = 39 - 28. Let f = t + 89. Suppose 2*u + 3*c + f = 3*u, 342 = 3*u + 5*c. List the prime factors of u.
109
Let i = 48193 + -21853. List the prime factors of i.
2, 3, 5, 439
Let h(c) = -861*c - 7565. List the prime factors of h(-35).
2, 5, 37, 61
Let q be 12*(-2)/(0 - (-3)/(-11)). Suppose -q + 1112 = 2*d. List the prime factors of d.
2
Suppose 17*d + 40907 - 242425 = 0. What are the prime factors of d?
2, 5927
Let f(v) = -94*v - 725. List the prime factors of f(-32).
3, 761
Suppose -4*s + 5*s = -45. Let t = -45 - s. Suppose g + g - 118 = t. What are the prime factors of g?
59
Let o(i) = -81*i**2 + 2*i + 4. Let s be o(3). Let u = s + 1022. What are the prime factors of u?
3, 101
Let z(y) = -446*y + 44330. List the prime factors of z(0).
2, 5, 11, 13, 31
Let w be -1227 - ((-1)/(-2) - 20/8). Let d = w + 1781. Suppose 4*j = 76 + d. List the prime factors of j.
2, 79
List the prime factors of ((-1099568)/1368)/((1 - -1)/(-18)).
2, 3617
Let w(j) = -298*j + 1627. List the prime factors of w(-18).
6991
Suppose 0 = -54*b + 51*b + 6. Let k be b + 8/(-6) - (-27883)/3. What are the prime factors of 2/11 - k/(-121)?
7, 11
Let b(t) be the first derivative of -3*t**2 - 15*t + 4/3*t**3 + 2. What are the prime factors of b(6)?
3, 31
What are the prime factors of (-8)/(-14) - 1208548/(-77)?
2, 3, 109
Suppose -25*d + 20*d + 458344 = 41*d. List the prime factors of d.
2, 47, 53
Let i(x) = x**3 - 9*x**2 + 18*x - 8. Let a be i(6). Let b = 16 - 28. List the prime factors of (12/a)/(b/976).
2, 61
Suppose 0*f - 4 = -2*f. Suppose 6*g = f*g + 8. Suppose -x + 6 = g*x - 3*c, 3*c + 16 = 5*x. What are the prime factors of x?
5
Let t(g) = -3*g**2 - 6*g - 46. Let j be t(9). Let p = 603 + j. What are the prime factors of p?
2, 5, 13
Suppose -88*b + 93*b - 20 = 0. Suppose -3*h = b*q - 2*h - 4160, -5*q + 5183 = -3*h. List the prime factors of q.
1039
Let w(x) = -15*x**3 + 20*x**2 - 2*x - 14. What are the prime factors of w(-6)?
2, 1979
Let j = -15 - -43. Suppose 0*r - t + j = 2*r, 42 = 3*r + 5*t. Suppose -9*l = 5*o - r*l - 1235, 4*l + 498 = 2*o. List the prime factors of o.
5, 7
Let o = -51 + 42. Let d be (-24)/o + (-2)/(-6). Suppose d*t - 94 = 2*t. List the prime factors of t.
2, 47
Let w(g) = 110*g - 2781. What are the prime factors of w(54)?
3, 13
Let k(l) = 72*l - 47. Let y be k(5). Suppose -76 = 5*n + b - y, -4*n + 196 = 4*b. What are the prime factors of n?
47
Let y = 22 + -19. Suppose y*h = 6*h - 18. Suppose -h*a = 3*a - 2592. List the prime factors of a.
2, 3
Let r = -10 + -4. Suppose -26 = -o - k, 0 = 2*o + 20*k - 22*k - 68. Let s = o + r. List the prime factors of s.
2
Suppose -16 = 11*f - 19*f. Suppose -518 = -2*y + 4*u, y + f*u - 178 - 89 = 0. What are the prime factors of y?
263
Let b(r) = -4*r**2 + 26*r - 4. Let x be b(6). Let v(l) = 8*l**2 - 9*l - 62. What are the prime factors of v(x)?
2, 3, 7
Suppose -4*h - 2*i + 104536 - 25262 = 0, 0 = 5*h - 12*i - 98991. List the prime factors of h.
3, 5, 1321
Let n(w) = w**2 - 3*w + 70. Let h(s) = -13*s - 91. Let r be h(-9). List the prime factors of n(r).
2, 167
Suppose -3*q + 3*x - 25 - 35 = 0, 3*q = 5*x - 62. Let b = 15 + q. List the prime factors of (b/(-6))/(4/792).
2, 3, 11
List the prime factors of (-8)/5*(-733795)/172.
2, 3413
Let q be 0 + (-158)/(-22) - (-6)/(-33). Suppose -s + 6*c = q*c + 511, 4*s = 4*c - 2076. Let p = s + 761. What are the prime factors of p?
2, 3, 41
Suppose d = 2*d + 56. Let o = d - -83. List the prime factors of (o + -17)*(-17)/(-2).
5, 17
Suppose 9*s - 2518 = -2*a + 13*s, -5*s - 1271 = -a. Let o = a + -782. What are the prime factors of o?
7, 67
Let f = 34198 + -32209. List the prime factors of f.
3, 13, 17
List the prime factors of ((-12)/10)/(((-21)/(-292880))/(-1)).
2, 523
Suppose 0 = -10*i + 27 + 23. Suppose 0 = 5*p - 3*p. Suppose -4*j + 4*s - s + 31 = 0, p = 5*s + i. List the prime factors of j.
7
Let h = 129 - 147. What are the prime factors of 39/(((-21)/h)/7) - 5?
229
Suppose -3*c - 90 + 102 = 0. What are the prime factors of (9/(-27))/(c/(-768))?
2
Let y(p) = -20*p + 21. Let m be y(-7). Let w = 68 - m. Let s = 221 + w. List the prime factors of s.
2
Suppose 4*l - 1 + 4 = x, -l - 4*x - 5 = 0. Let k be l/3 + (-240)/(-18). Suppose -2*d = -d - k. What are the prime factors of d?
13
Let x(z) = -2871*z + 3606. What are the prime factors of x(-7)?
3, 7901
Let f = -42 - -35. Let g(c) = c**3 + c**2 - 10*c - 9. Let z be g(f). Let j = z + 362. What are the prime factors of j?
3, 43
Suppose -4*d + 3*g = -16692, -4184 = -d + 2*g - 4*g. Suppose -18*i + 9*i + d = 0. List the prime factors of i.
2, 29
Let x = 61756 + -26941. List the prime factors of x.
3, 5, 11, 211
Let x = -41 + 44. Suppose -4*t + f = -x*t + 365, 0 = 4*f + 16. What are the prime factors of (-10)/(-35) - t/7?
53
Suppose 0 = 5*o + 2*w - 140632 - 95762, 0 = -w - 8. List the prime factors of o.
2, 47, 503
Let a = 23606 - 5669. What are the prime factors of a?
3, 1993
Suppose -107441 = -20*k - 8621. What are the prime factors of k?
3, 61
Let x(l) = -3*l**2 + 21*l - 39. Let k be x(-22). Let i = k + 2873. Suppose 17*c = 12*c + i. List the prime factors of c.
2, 23
Suppose 4*v + 30 - 10 = 0. Let s(f) = f**3 + 6*f**2 + 9*f + 20. Let j be s(v). Suppose j = -7*c + 140 + 441. What are the prime factors of c?
83
Let l(s) = s**3 + 4*s**2 - 7*s + 204. What are the prime factors of l(0)?
2, 3, 17
Let d = 8861 + -450. Suppose 114*l = 101*l + d. What are the prime factors of l?
647
Let c(b) = -6 + 16*b + 24*b**2 - 28*b**2 + 22*b**2. Let h be c(-7). What are the prime factors of (-6 + (-39)/(-6))/(2/h)?
191
Suppose -2756 = -4*p - 76. Let f = 268 + p. List the prime factors of f.
2, 7, 67
Let l(o) be the second derivative of -o**5/20 + o**4/3 - o**3/3 - 19*o. Let f be l(3). Suppose -63 = -f*g + 42. What are the prime factors of g?
5, 7
List the prime factors of -5 + 115196/248*-4*3*-2.
11, 1013
Suppose 299*c - 1450139 = 1154450. List the prime factors of c.
31, 281
Let o be (-1 + 0/3)*-3. Let d be (o/1)/((-15)/(-75)). Let s = d - -21. List the prime factors of s.
2, 3
Let d(f) = 61*f**2 - 43*f - 336. What are the prime factors of d(-8)?
2, 3, 163
Suppose -94*z - 317768 = -138*z. What are the prime factors of z?
2, 23, 157
Suppose 4*u - 2*a - 225 = -117, 139 = 5*u - 3*a. Let r = 3 + 9. Suppose u*c - 2937 = r*c. What are the prime factors of c?
3, 89
Let t(s) = -10*s - 6. Suppose 4 + 14 = -6*a. Let w be t(a). What are the prime factors of -142*(-3)/w*4?
71
Let h(d) = 72 - 142 + d**3 + 61 + 19*d + d**3 - 11*d**2. Let y be h(6). Suppose 4*c - 5*f = 3*c + y, 4*f = -5*c + 850. What are the prime factors of c?
2, 83
Suppose 8*j = 2*j - 630. Let q(s) = 130*s**2 + 5*s + 4. Let y be q(-2). List the prime factors of (-30)/j - y/(-14).
37
List the prime factors of (63028840/50)/28 - (-1)/(20/(-12)).
2, 5, 2251
Suppose -2529 = 543*v - 544*v. List the prime factors of v.
3, 281
Let s(x) = -2*x - 22. Let q be s(-13). Suppose -12 - 17 = -q*i + 3*c, 0 = -3*i - 5*c. What are the prime factors of -5 - (-24)/i - (-1962)/10?
2, 7
Suppose -5*s = -2*a - 458, 5*a + 645 = 2*a - 3*s. Let b = a + 1094. What are the prime factors of b?
5, 7
Let d be (-1)/((1 + -2 - -3)/(-4)). Suppose -2*r = -y + 332, -d*y - 3*r + 1014 = y. Suppose -3*f = -y + 21. List the prime factors of f.
3, 5, 7
Suppose -72 = 5*h - 17*h. Suppo